s digit of 46085279?
7
What is the billions digit of 2046029423?
2
What is the units digit of 3123624143?
3
What is the hundred thousands digit of 1037976384?
9
What is the units digit of 486724084?
4
What is the hundred thousands digit of 1302532?
3
What is the units digit of 3837181920?
0
What is the tens digit of 663512104?
0
What is the millions digit of 4245900294?
5
What is the ten millions digit of 44200312?
4
What is the units digit of 5048935623?
3
What is the ten millions digit of 1818645323?
1
What is the hundreds digit of 1020116596?
5
What is the units digit of 155271103?
3
What is the hundreds digit of 662441339?
3
What is the millions digit of 13800565?
3
What is the thousands digit of 15191458?
1
What is the tens digit of 81712522?
2
What is the hundred millions digit of 3284614560?
2
What is the tens digit of 55785796?
9
What is the units digit of 16377680?
0
What is the ten millions digit of 954850759?
5
What is the thousands digit of 27883141?
3
What is the tens digit of 66053079?
7
What is the hundred thousands digit of 6283024823?
0
What is the ten thousands digit of 3277244394?
4
What is the tens digit of 29912256?
5
What is the ten millions digit of 6378267275?
7
What is the tens digit of 5471954512?
1
What is the units digit of 63019036?
6
What is the ten millions digit of 287180416?
8
What is the hundred millions digit of 288026134?
2
What is the thousands digit of 612362171?
2
What is the ten millions digit of 29744235?
2
What is the millions digit of 23056332?
3
What is the hundreds digit of 293884395?
3
What is the millions digit of 838314287?
8
What is the tens digit of 998756479?
7
What is the ten thousands digit of 23338670?
3
What is the ten millions digit of 663215072?
6
What is the ten millions digit of 3863114817?
6
What is the millions digit of 248217678?
8
What is the hundreds digit of 1714187682?
6
What is the thousands digit of 480847439?
7
What is the units digit of 653727048?
8
What is the tens digit of 87116130?
3
What is the hundred millions digit of 248557238?
2
What is the tens digit of 294088498?
9
What is the tens digit of 1227375573?
7
What is the tens digit of 934961934?
3
What is the hundred thousands digit of 52324259?
3
What is the hundred millions digit of 150644474?
1
What is the hundreds digit of 793745?
7
What is the units digit of 346007130?
0
What is the ten thousands digit of 124674247?
7
What is the millions digit of 3657586018?
7
What is the hundred thousands digit of 872234303?
2
What is the hundreds digit of 2242323501?
5
What is the ten thousands digit of 1026789429?
8
What is the ten millions digit of 30412708?
3
What is the ten thousands digit of 264377752?
7
What is the millions digit of 660236077?
0
What is the ten millions digit of 24729718?
2
What is the ten thousands digit of 1147294960?
9
What is the ten thousands digit of 510008999?
0
What is the ten thousands digit of 179907387?
0
What is the hundred millions digit of 153555211?
1
What is the millions digit of 239685904?
9
What is the millions digit of 133177327?
3
What is the thousands digit of 82534124?
4
What is the ten millions digit of 592636653?
9
What is the thousands digit of 56761222?
1
What is the hundred millions digit of 551657679?
5
What is the ten thousands digit of 5150827054?
2
What is the ten thousands digit of 88606234?
0
What is the tens digit of 136921007?
0
What is the units digit of 82715691?
1
What is the hundred thousands digit of 249072846?
0
What is the units digit of 12529311?
1
What is the millions digit of 1087704210?
7
What is the ten millions digit of 461316709?
6
What is the hundred millions digit of 231319605?
2
What is the units digit of 1975233331?
1
What is the thousands digit of 69363398?
3
What is the hundreds digit of 26062472?
4
What is the thousands digit of 120200160?
0
What is the hundred thousands digit of 651997498?
9
What is the hundreds digit of 20510747?
7
What is the hundred thousands digit of 106993439?
9
What is the units digit of 1589910521?
1
What is the hundreds digit of 2988834461?
4
What is the ten millions digit of 295795391?
9
What is the ten thousands digit of 3735182996?
8
What is the tens digit of 75203082?
8
What is the ten millions digit of 122460747?
2
What is the billions digit of 5949412075?
5
What is the tens digit of 11556517?
1
What is the ten thousands digit of 94549092?
4
What is the millions digit of 1565731834?
5
What is the tens digit of 1780131583?
8
What is the millions digit of 6108693359?
8
What is the tens digit of 2229297748?
4
What is the tens digit of 164449209?
0
What is the ten millions digit of 3154131047?
5
What is the ten thousands digit of 318261487?
6
What is the hundreds digit of 93915479?
4
What is the hundred thousands digit of 1343060636?
0
What is the hundred thousands digit of 44773611?
7
What is the hundreds digit of 54681766?
7
What is the thousands digit of 314402066?
2
What is the billions digit of 4666442483?
4
What is the millions digit of 38617418?
8
What is the units digit of 232470133?
3
What is the ten millions digit of 24706382?
2
What is the tens digit of 1678414903?
0
What is the hundreds digit of 1091104672?
6
What is the millions digit of 245092466?
5
What is the units digit of 4848871329?
9
What is the tens digit of 1618921471?
7
What is the units digit of 9584922?
2
What is the hundreds digit of 2264626048?
0
What is the billions digit of 4202185002?
4
What is the tens digit of 142363491?
9
What is the tens digit of 44110010?
1
What is the millions digit of 49315642?
9
What is the hundred thousands digit of 183760887?
7
What is the thousands digit of 3552756028?
6
What is the billions digit of 1946240464?
1
What is the units digit of 153976418?
8
What is the billions digit of 2995932646?
2
What is the ten thousands digit of 92396033?
9
What is the thousands digit of 12571811?
1
What is the tens digit of 2808831196?
9
What is the units digit of 4891861025?
5
What is the ten millions digit of 412474896?
1
What is the ten thousands digit of 45468400?
6
What is the thousands digit of 655978824?
8
What is the ten thousands digit of 38020608?
2
What is the thousands digit of 25605388?
5
What is the ten thousands digit of 421516834?
1
What is the thousands digit of 130526372?
6
What is the thousands digit of 185496739?
6
What is the thousands digit of 1238121463?
1
What is the tens digit of 23754682?
8
What is the ten thousands digit of 1173485313?
8
What is the hundreds digit of 3616801446?
4
What is the millions digit of 573658777?
3
What is the millions digit of 487543927?
7
What is the hundred thousands digit of 5466819999?
8
What is the ten millions digit of 1246331904?
4
What is the millions digit of 587167320?
7
What is the units digit of 666660638?
8
What is the billions digit of 7525017597?
7
What is the millions digit of 69469336?
9
What is the ten thousands digit of 372017943?
1
What is the thousands digit of 320179364?
9
What is the thousands digit of 79458368?
8
What is the hundred millions digit of 3162797406?
1
What is the ten thousands digit of 60795570?
9
What is the thousands digit of 54763388?
3
What is the ten thousands digit of 330433758?
3
What is the tens digit of 76286621?
2
What is the hundreds digit of 167445381?
3
What is the units digit of 82959555?
5
What is the units digit of 2414726036?
6
What is the tens digit of 49563788?
8
What is the units digit of 59368360?
0
What is the hundred thousands digit of 339283987?
2
What is the hundred millions digit of 328918963?
3
What is the hundred thousands digit of 51306034?
3
What is the ten millions digit of 277467986?
7
What is the tens digit of 24831919?
1
What is the hundred millions digit of 931950910?
9
What is the tens digit of 132525395?
9
What is the ten millions digit of 121590614?
2
What is the hundreds digit of 6180373?
3
What is the hundred thousands digit of 66240915?
2
What is the units digit of 482537205?
5
What is the millions digit of 78554383?
8
What is the millions digit of 60753284?
0
What is the hundred millions digit of 6995044502?
9
What is the units digit of 116298757?
7
What is the ten thousands digit of 5758739603?
3
What is the millions digit of 203789961?
3
What is the thousands digit of 326550061?
0
What is the te